0.
24
Calculate the highest common factor of 1526 and 75416228.
218
What is the greatest common divisor of 248761984 and 58387?
8341
What is the greatest common divisor of 328625018 and 398?
398
What is the greatest common factor of 84689 and 704?
11
What is the highest common factor of 292096 and 10240?
256
What is the greatest common divisor of 2508 and 1980465?
57
Calculate the highest common divisor of 28319590 and 143.
13
What is the highest common divisor of 52240107 and 2001?
2001
Calculate the highest common factor of 30365970 and 19779.
1041
Calculate the highest common factor of 2421 and 30183683.
269
What is the greatest common divisor of 133182767 and 22337?
3191
Calculate the greatest common factor of 99291435 and 30.
15
What is the highest common divisor of 4095 and 11232207?
63
What is the highest common factor of 236565 and 332745?
105
Calculate the greatest common factor of 612167 and 13.
1
What is the greatest common factor of 81 and 23321304?
27
What is the highest common divisor of 1310711 and 589?
31
Calculate the highest common divisor of 165 and 280606293.
33
Calculate the highest common divisor of 637 and 522457.
13
What is the highest common factor of 133610481 and 26971?
3853
What is the greatest common divisor of 132363049 and 1183?
91
Calculate the highest common factor of 99 and 3453483.
33
What is the greatest common divisor of 110 and 18336060?
10
Calculate the greatest common factor of 97388434 and 3146.
286
Calculate the greatest common factor of 36 and 76411908.
36
What is the highest common divisor of 5641848 and 4826?
254
Calculate the greatest common divisor of 126 and 125667108.
126
Calculate the highest common factor of 15549540 and 510.
30
Calculate the highest common divisor of 154280 and 172376.
232
Calculate the highest common divisor of 122840754 and 1167.
1167
What is the highest common factor of 145 and 2111135?
5
Calculate the greatest common factor of 22763 and 8406619.
221
What is the highest common factor of 5445750 and 9042?
822
What is the highest common factor of 7667274 and 6?
6
What is the highest common factor of 42256 and 2184107?
2641
Calculate the highest common divisor of 24232464 and 144.
144
Calculate the greatest common factor of 12802252 and 1992.
332
Calculate the greatest common factor of 67978662 and 10257.
789
What is the greatest common factor of 167948 and 1314060?
484
What is the highest common factor of 4359 and 4688?
1
Calculate the greatest common factor of 26432 and 626108.
1652
What is the greatest common factor of 60282936 and 252?
252
What is the greatest common divisor of 754 and 520520?
26
Calculate the greatest common factor of 2673 and 7626113.
11
What is the highest common divisor of 1962 and 3714611?
109
Calculate the greatest common divisor of 23534 and 29249400.
3362
Calculate the greatest common divisor of 10932805 and 13.
13
What is the highest common factor of 4917979 and 418?
209
Calculate the highest common factor of 859456 and 633152.
832
Calculate the greatest common factor of 948 and 166819244.
316
What is the highest common divisor of 29296 and 8192?
16
What is the highest common factor of 782852307 and 114?
57
What is the greatest common divisor of 92 and 54965699?
23
Calculate the highest common factor of 36 and 5486355.
9
What is the greatest common divisor of 9627 and 21327?
3
What is the greatest common divisor of 133656 and 72?
24
What is the highest common factor of 84 and 21540680?
28
Calculate the highest common divisor of 19098 and 57834.
18
Calculate the greatest common divisor of 167762770 and 140.
70
Calculate the greatest common divisor of 208172937 and 93735.
6249
What is the highest common divisor of 3952 and 3600728?
152
Calculate the greatest common factor of 3909248 and 3712.
128
Calculate the highest common factor of 2865 and 21085.
5
Calculate the greatest common factor of 2009 and 3729360.
41
What is the greatest common factor of 855932 and 5929?
539
What is the highest common divisor of 3745 and 4366135?
535
What is the greatest common divisor of 33852 and 93072?
84
What is the greatest common divisor of 21 and 17374785?
3
What is the highest common factor of 97 and 1038759614?
97
Calculate the highest common divisor of 11161984 and 582.
194
Calculate the greatest common divisor of 94 and 92078170.
94
Calculate the greatest common factor of 1351 and 166137681.
193
What is the highest common factor of 5249 and 632776?
181
Calculate the highest common divisor of 414 and 18564156.
18
What is the highest common factor of 49 and 26273303?
7
What is the highest common factor of 5205680 and 160?
80
Calculate the highest common factor of 1587634 and 7366.
58
What is the greatest common factor of 1192993000 and 33675?
11225
What is the greatest common divisor of 16 and 22056016?
16
What is the greatest common factor of 769880 and 128440?
760
Calculate the highest common divisor of 3 and 8486427.
3
What is the greatest common divisor of 6912377 and 908?
227
Calculate the highest common factor of 43 and 338228927.
43
Calculate the highest common factor of 2088 and 278708328.
2088
Calculate the greatest common divisor of 3185 and 5250791.
637
Calculate the highest common factor of 30772786 and 110.
22
What is the greatest common factor of 19221 and 76669?
43
Calculate the greatest common divisor of 1092 and 8580796.
28
What is the highest common divisor of 74344846 and 158?
158
What is the greatest common divisor of 117 and 109376319?
39
What is the greatest common divisor of 114334370 and 22424?
5606
Calculate the highest common factor of 920 and 279841.
23
Calculate the greatest common divisor of 45556790 and 140.
10
What is the greatest common divisor of 8126 and 5848?
34
Calculate the greatest common factor of 2384880 and 1216.
304
What is the greatest common factor of 3664 and 280034024?
1832
Calculate the greatest common divisor of 546710 and 1449.
23
What is the highest common factor of 1620 and 729748116?
324
What is the highest common factor of 147575853 and 339?
339
Calculate the highest common divisor of 14151700 and 1880.
940
Calculate the highest common divisor of 392784 and 152.
8
Calculate the greatest common factor of 1776 and 23012076.
444
What is the highest common factor of 1058307 and 77960?
1949
What is the greatest common factor of 690 and 254601720?
690
Calculate the highest common factor of 4426245 and 47385.
1215
What is the greatest common factor of 149864 and 624?
104
What is the greatest common divisor of 60016 and 20987?
31
What is the highest common factor of 15376793 and 111?
37
What is the greatest common factor of 15952 and 75600?
16
Calculate the highest common divisor of 489554 and 234.
26
What is the highest common factor of 359616 and 130304?
64
Calculate the highest common divisor of 16407424 and 3696.
176
What is the greatest common divisor of 23793 and 42951?
309
Calculate the highest common factor of 85929047 and 842.
421
What is the greatest common factor of 50846323 and 58157?
3421
Calculate the highest common factor of 194 and 45566138.
194
Calculate the highest common divisor of 72293673 and 51.
51
Calculate the greatest common factor of 178990026 and 8148.
582
What is the greatest common factor of 1212960 and 1210072?
2888
Calculate the highest common divisor of 338046 and 106193.
103
What is the greatest common factor of 423503275 and 6025?
6025
Calculate the highest common divisor of 4946014 and 13039.
17
Calculate the highest common factor of 123419616 and 5348.
764
What is the highest common factor of 1326803 and 372884?
1277
What is the highest common divisor of 33152190 and 89790?
1230
Calculate the highest common factor of 16 and 5679430.
2
What is the greatest common factor of 7597665 and 674?
337
Calculate the highest common divisor of 1037 and 172193.
17
Calculate the greatest common factor of 890620548 and 867.
867
What is the greatest common factor of 1042915 and 75985?
835
What is the highest common factor of 16234625 and 301125?
1375
What is the highest common factor of 3027 and 104464797?
3027
Calculate the greatest common factor of 57886237 and 421.
421
What is the greatest common divisor of 15184179 and 986?
17
Calculate the greatest common factor of 908307 and 1701.
27
Wh